{"id":50,"date":"2026-03-19T15:04:31","date_gmt":"2026-03-19T14:04:31","guid":{"rendered":"https:\/\/nextkid.hu\/klub\/?page_id=50"},"modified":"2026-04-10T11:14:37","modified_gmt":"2026-04-10T10:14:37","slug":"nextkid-klubdelutan","status":"publish","type":"page","link":"https:\/\/nextkid.hu\/klub\/nextkid-klubdelutan\/","title":{"rendered":"NextKid Klubd\u00e9lut\u00e1n"},"content":{"rendered":"\n<p>Aktu\u00e1lis t\u00e9m\u00e1k k\u00f6r\u00e9 rendezett interakt\u00edv, z\u00f6m\u00e9ben ingyenes, de regisztr\u00e1ci\u00f3hoz k\u00f6t\u00f6tt (a l\u00e9tsz\u00e1m miatt) foglalkoz\u00e1s.<\/p>\n\n\n\n<p>Az aktu\u00e1lis id\u0151pontok nemsok\u00e1ra ker\u00fclnek meghirdet\u00e9sre. <\/p>\n\n\n\n<p>K\u00e9rj\u00fck, n\u00e9zz vissza k\u00e9s\u0151bb.<\/p>\n","protected":false},"excerpt":{"rendered":"<p>Aktu\u00e1lis t\u00e9m\u00e1k k\u00f6r\u00e9 rendezett interakt\u00edv, z\u00f6m\u00e9ben ingyenes, de regisztr\u00e1ci\u00f3hoz k\u00f6t\u00f6tt (a l\u00e9tsz\u00e1m miatt) foglalkoz\u00e1s. Az aktu\u00e1lis id\u0151pontok nemsok\u00e1ra ker\u00fclnek meghirdet\u00e9sre. K\u00e9rj\u00fck, n\u00e9zz vissza k\u00e9s\u0151bb.<\/p>\n","protected":false},"author":1,"featured_media":0,"parent":0,"menu_order":0,"comment_status":"closed","ping_status":"closed","template":"","meta":{"_acf_changed":false,"_eb_attr":"","pagelayer_contact_templates":[],"_pagelayer_content":"","site-sidebar-layout":"default","site-content-layout":"","ast-site-content-layout":"default","site-content-style":"default","site-sidebar-style":"default","ast-global-header-display":"","ast-banner-title-visibility":"","ast-main-header-display":"","ast-hfb-above-header-display":"","ast-hfb-below-header-display":"","ast-hfb-mobile-header-display":"","site-post-title":"","ast-breadcrumbs-content":"","ast-featured-img":"","footer-sml-layout":"","ast-disable-related-posts":"","theme-transparent-header-meta":"","adv-header-id-meta":"","stick-header-meta":"","header-above-stick-meta":"","header-main-stick-meta":"","header-below-stick-meta":"","astra-migrate-meta-layouts":"set","ast-page-background-enabled":"default","ast-page-background-meta":{"desktop":{"background-color":"var(--ast-global-color-5)","background-image":"","background-repeat":"repeat","background-position":"center center","background-size":"auto","background-attachment":"scroll","background-type":"","background-media":"","overlay-type":"","overlay-color":"","overlay-opacity":"","overlay-gradient":""},"tablet":{"background-color":"","background-image":"","background-repeat":"repeat","background-position":"center center","background-size":"auto","background-attachment":"scroll","background-type":"","background-media":"","overlay-type":"","overlay-color":"","overlay-opacity":"","overlay-gradient":""},"mobile":{"background-color":"","background-image":"","background-repeat":"repeat","background-position":"center center","background-size":"auto","background-attachment":"scroll","background-type":"","background-media":"","overlay-type":"","overlay-color":"","overlay-opacity":"","overlay-gradient":""}},"ast-content-background-meta":{"desktop":{"background-color":"var(--ast-global-color-4)","background-image":"","background-repeat":"repeat","background-position":"center center","background-size":"auto","background-attachment":"scroll","background-type":"","background-media":"","overlay-type":"","overlay-color":"","overlay-opacity":"","overlay-gradient":""},"tablet":{"background-color":"var(--ast-global-color-4)","background-image":"","background-repeat":"repeat","background-position":"center center","background-size":"auto","background-attachment":"scroll","background-type":"","background-media":"","overlay-type":"","overlay-color":"","overlay-opacity":"","overlay-gradient":""},"mobile":{"background-color":"var(--ast-global-color-4)","background-image":"","background-repeat":"repeat","background-position":"center center","background-size":"auto","background-attachment":"scroll","background-type":"","background-media":"","overlay-type":"","overlay-color":"","overlay-opacity":"","overlay-gradient":""}},"footnotes":""},"class_list":["post-50","page","type-page","status-publish","hentry"],"acf":[],"_links":{"self":[{"href":"https:\/\/nextkid.hu\/klub\/wp-json\/wp\/v2\/pages\/50","targetHints":{"allow":["GET"]}}],"collection":[{"href":"https:\/\/nextkid.hu\/klub\/wp-json\/wp\/v2\/pages"}],"about":[{"href":"https:\/\/nextkid.hu\/klub\/wp-json\/wp\/v2\/types\/page"}],"author":[{"embeddable":true,"href":"https:\/\/nextkid.hu\/klub\/wp-json\/wp\/v2\/users\/1"}],"replies":[{"embeddable":true,"href":"https:\/\/nextkid.hu\/klub\/wp-json\/wp\/v2\/comments?post=50"}],"version-history":[{"count":3,"href":"https:\/\/nextkid.hu\/klub\/wp-json\/wp\/v2\/pages\/50\/revisions"}],"predecessor-version":[{"id":4334,"href":"https:\/\/nextkid.hu\/klub\/wp-json\/wp\/v2\/pages\/50\/revisions\/4334"}],"wp:attachment":[{"href":"https:\/\/nextkid.hu\/klub\/wp-json\/wp\/v2\/media?parent=50"}],"curies":[{"name":"wp","href":"https:\/\/api.w.org\/{rel}","templated":true}]}}